s 687ad - dd?
686b0
In base 3, what is -112011 - 2020210122121?
-2020211011202
In base 12, what is 0 + a78460?
a78460
In base 10, what is -1466387 - 5?
-1466392
In base 7, what is -43336 + -5451?
-52120
In base 16, what is -3d893 + 24?
-3d86f
In base 5, what is -140021300 - -1?
-140021244
In base 15, what is d + -d961?
-d953
In base 3, what is 1002121011001 - 11?
1002121010220
In base 7, what is 2643 - -20243?
23216
In base 15, what is 119 - 10813?
-106e9
In base 10, what is -55 + 34976?
34921
In base 11, what is -15 + -a9146?
-a9160
In base 14, what is -17c119 - 2?
-17c11b
In base 6, what is -130550 - 142515?
-313505
In base 15, what is d7a - 173?
c07
In base 9, what is -5861 - -8120?
2148
In base 13, what is -21677c + -1c?
-21679b
In base 12, what is 2a220 + -869?
29573
In base 11, what is 7 - 79593?
-79587
In base 11, what is 1655868 - -4?
1655871
In base 2, what is 1 - 11101101010000101000?
-11101101010000100111
In base 16, what is -5 + b9bf5d?
b9bf58
In base 11, what is -26637594 + 4?
-26637590
In base 15, what is -b + -643e8?
-64404
In base 15, what is -54 + -2b961?
-2b9b5
In base 2, what is 1001000010011010111000011 - -1?
1001000010011010111000100
In base 6, what is -344 + -35001253?
-35002041
In base 13, what is -397b5b28 + 4?
-397b5b24
In base 10, what is 15579390 - 19?
15579371
In base 6, what is -3211 - 44134014?
-44141225
In base 3, what is -101100011 + -11222120101?
-12100220112
In base 8, what is -10367140 + -27?
-10367167
In base 7, what is 105044663323 + 1?
105044663324
In base 7, what is 35550 + -212?
35335
In base 10, what is -4292331 - -22?
-4292309
In base 6, what is -1301442 + -2143?
-1304025
In base 8, what is 1311 + -102277?
-100766
In base 2, what is 100011111010011011011101010 + -10?
100011111010011011011101000
In base 4, what is -11100 - 1122330?
-1200030
In base 13, what is -a39b44 + 1?
-a39b43
In base 3, what is 22222220220102200 + 2?
22222220220102202
In base 10, what is 1 - 2433965?
-2433964
In base 10, what is -3121 - 31113?
-34234
In base 13, what is -59c + 1c118?
1b849
In base 10, what is 159 - 258017?
-257858
In base 7, what is 6232205232 + 3?
6232205235
In base 5, what is -404441 - 23122?
-433113
In base 15, what is -4 - -2d8436?
2d8432
In base 7, what is 41 - 306430?
-306356
In base 12, what is -1a63b63 + 5?
-1a63b5a
In base 2, what is 101100000010011110101110 - 0?
101100000010011110101110
In base 10, what is 2977694 + -20?
2977674
In base 15, what is -52 - 1277e?
-127d1
In base 4, what is -10100030211123 - -11?
-10100030211112
In base 14, what is c039aa - -3?
c039ad
In base 2, what is 0 + 11010011010100111011011110?
11010011010100111011011110
In base 14, what is 2 - 4270a2?
-4270a0
In base 11, what is 17574 + -6101?
11473
In base 12, what is -72 + -26316?
-26388
In base 3, what is -12 + 20010012111000?
20010012110211
In base 6, what is 1001 - -103221514?
103222515
In base 13, what is a898543 - -5?
a898548
In base 11, what is 27 + -611370?
-611344
In base 9, what is 27 + -60507738?
-60507711
In base 4, what is 32013031021 - 30?
32013030331
In base 16, what is -a3 - 5a96?
-5b39
In base 10, what is 953803 + -25?
953778
In base 12, what is -470 - -147?
-325
In base 8, what is 22472 - 472711?
-450217
In base 8, what is 13137 - -151363?
164522
In base 7, what is -11010612 + 3?
-11010606
In base 2, what is -111100100011001100001110010 + 10?
-111100100011001100001110000
In base 9, what is 172778028 - 2?
172778026
In base 6, what is 302104225 - -11?
302104240
In base 14, what is -5 - 18d5588?
-18d558d
In base 16, what is 1d - -86af1?
86b0e
In base 4, what is 11 - 211201212320?
-211201212303
In base 15, what is a9 - de84?
-ddca
In base 3, what is 1012120 - -102020102?
110102222
In base 14, what is -34 - -20800c?
207db8
In base 15, what is -2 + d8b86?
d8b84
In base 5, what is 21334 + 122102?
143441
In base 4, what is -1003111021113 - -22?
-1003111021031
In base 14, what is -235ca - 45?
-23631
In base 8, what is 2 + -45404303?
-45404301
In base 13, what is 964 + -9c99c?
-9c038
In base 16, what is -1 + 74527?
74526
In base 5, what is -2 - 41003023?
-41003030
In base 10, what is 4 + -4003957?
-4003953
In base 8, what is -20416 - 103771?
-124407
In base 16, what is -2f - -a1b5e3?
a1b5b4
In base 2, what is -10000110110001100010 + -10110?
-10000110110001111000
In base 15, what is 0 + -3ab39?
-3ab39
In base 11, what is 128875 + 5?
12887a
In base 12, what is -247074 + -4?
-247078
In base 5, what is -1331120202 - 10?
-1331120212
In base 3, what is 10220 - -10102012011212?
10102012022202
In base 10, what is -174514 - -38?
-174476
In base 12, what is -413b2 - 1798?
-42b8a
In base 3, what is -112122112 - 1002010?
-120201122
In base 3, what is 2201212120 - 10110011?
2121102102
In base 9, what is -73 + 33047542?
33047458
In base 3, what is 1 - -2021012102011?
2021012102012
In base 9, what is -683 - 30128?
-30822
In base 5, what is 110 - 304003?
-303343
In base 6, what is -442353 - 24?
-442421
In base 6, what is 11140520 - 3?
11140513
In base 9, what is 246230356 - -2?
246230358
In base 7, what is -12 + 56510624?
56510612
In base 16, what is 2 + 745094?
745096
In base 16, what is -9 + -b7480c?
-b74815
In base 10, what is 1259 - 6383?
-5124
In base 3, what is -2101020100221 - 1110?
-2101020102101
In base 10, what is 0 - 1817604?
-1817604
In base 5, what is 31002 - -2104?
33111
In base 9, what is -1213078 - -782?
-1212186
In base 6, what is 10414142204 - 10?
10414142154
In base 13, what is 8 + 5c60424?
5c6042c
In base 7, what is -1351 + -16335?
-21016
In base 4, what is -22111013120 + -3?
-22111013123
In base 5, what is 41422 - -44410?
141332
In base 7, what is -15244 + -6121?
-24365
In base 10, what is -108 + 267761?
267653
In base 4, what is 1232 + 1321001?
1322233
In base 4, what is 33 + -3322303210?
-3322303111
In base 5, what is -4 + 412320210?
412320201
In base 11, what is -23 - 35051?
-35074
In base 15, what is 45 - 580e0?
-5809a
In base 4, what is -221203221 - -220132?
-220323023
In base 14, what is cc407b + -2?
cc4079
In base 13, what is -8066 + 1746?
-6620
In base 9, what is -3211 - -6151?
2840
In base 5, what is 2 + -4411411403?
-4411411401
In base 11, what is 0 + -1041a033?
-1041a033
In base 9, what is 221 + 208704?
210025
In base 2, what is -1001001111 + 1101000100101?
1011111010110
In base 9, what is 2641 + -16707?
-14056
In base 16, what is -45 + -31362?
-313a7
In base 16, what is 2e10 - 2d0?
2b40
In base 3, what is 221200021121 + -102021?
221122212100
In base 9, what is -3661 + 1634?
-2026
In base 9, what is -263311 + 307?
-263003
In base 8, what is 2 - -16530310?
16530312
In base 16, what is 30 - 4a1482?
-4a1452
In base 8, what is -4 - -32067430?
32067424
In base 4, what is -13113232 + 1322211?
-11131021
In base 10, what is 21 - 367101?
-367080
In base 2, what is -110011011101011011100011 + -10?
-110011011101011011100101
In base 12, what is 41 - -12197?
12218
In base 5, what is 0 + -111321031132?
-111321031132
In base 11, what is -11a10a08 - 1?
-11a10a09
In base 5, what is -3 + -102101100400?
-102101100403
In base 10, what is 38348 - 17?
38331
In base 2, what is 10010011011001 + -11001000000?
1111010011001
In base 6, what is 114454 + 100303?
215201
In base 11, what is 164695 - 22?
164673
In base 16, what is 1b - -3a1296?
3a12b1
In base 4, what is -1212213212 - 120010?
-1212333222
In base 3, what is -112220101 - -210010222?
20020121
In base 9, what is -2128837123 + -4?
-2128837127
In base 14, what is -24 + -27518?
-2753c
In base 3, what is 10121220 - -2011100010?
2021222000
In base 14, what is 8b2aa29 - 4?
8b2aa25
In base 11, what is 132785 - 38?
132748
In base 14, what is -c0b - 1b82?
-298d
In base 6, what is 134340502 - -2?
134340504
In base 4, what is 1101132311221 - -2?
1101132311223
In base 12, what is -9bba4 + 276b?
-99435
In base 16, what is -2b5d9eb - -5?
-2b5d9e6
In base 5, what is -22 + 11102022000?
11102021423
In base 13, what is -804a1 + 61?
-80440
In base 11, what is 71098 + 3339?
74426
In base 12, what is 144 + 864?
9a8
In base 15, what is 4acd - -22?
4b00
In base 2, what is 101011010011101110010011 + 101?
101011010011101110011000
In base 8, what is 65 + -1273631?
-1273544
In base 10, what is -11429 + -68817?
-80246
In base 13, what is 115 - -15b60?
15c75
In base 15, what is -24934 + -13?
-24947
In b